z = 90 - t. What are the prime factors of z?
2, 53
Let z(i) = 35*i**2 + 3*i + 8. Let g be z(4). Suppose 25*s - 21*s - g = 0. What are the prime factors of s?
5, 29
List the prime factors of 10/(-4)*(-32)/(-320)*-60356.
79, 191
Let w = -3 - -4. Let z be w/(-4)*2*8. What are the prime factors of (-46)/(5/(30/z))?
3, 23
Suppose -344358 = -6548*d + 6534*d. List the prime factors of d.
3, 911
Let a = -54 + 64. What are the prime factors of 1*343 + ((-28)/(-4) - a)?
2, 5, 17
Let s = -602 - -566. Let b(g) = -g**2 - 52*g + 51. What are the prime factors of b(s)?
3, 11, 19
Let y = -69 + 71. Suppose 0*f + 2*a = -y*f - 52, -1 = -a. What are the prime factors of -1 + 2 - 9/(f/408)?
137
Let i(w) = 13*w**2 - 6*w + 5. Let g(b) = 15*b**2 - 6*b + 6. Let k(m) = -5*g(m) + 6*i(m). List the prime factors of k(-6).
2, 3
Let t(g) = -4*g - 8. Let i(s) = 3*s + 2. Let w(d) = -i(d) - t(d). Suppose -6*u + 11*u = 10. List the prime factors of w(u).
2
Suppose -2 = 4*p + 2, -121 = -4*j - 3*p. Let v(d) = -d**3 + 23*d**2 + 3*d - 22. Let k be v(16). Suppose j*h = 22*h + k. What are the prime factors of h?
2, 101
Let x(c) = -c**2 + 9*c - 26. Let t be x(6). Let y be 2*(-4)/t*-2. List the prime factors of -1 - -1 - -98 - y.
2, 5
Suppose -h = 16 - 16. Let f be (h + 146 + -1)*1. Suppose 246 = o + f. What are the prime factors of o?
101
Let w = 25 - -156. Let a = -365 + 392. Suppose 4*h - w = a. What are the prime factors of h?
2, 13
Let k(j) = 3*j**3 - 3*j**2 - j - 37. Let d(g) = 2*g**3 - 13*g**2 - 7*g + 6. Let p be d(7). List the prime factors of k(p).
7, 71
Let p = -7496 + 15923. List the prime factors of p.
3, 53
Let l(f) = 117*f**2 - 61*f + 407. What are the prime factors of l(7)?
29, 197
Suppose 3*b = -2*b + 40. Let t(u) = -u**2 + 7*u + 12. Let s be t(b). Let c = 54 - s. List the prime factors of c.
2, 5
Let l(h) be the first derivative of -3*h**2 - 2*h - 23. Suppose -8*d + 4*d - 3*x - 51 = 0, -2*x = 10. What are the prime factors of l(d)?
2, 13
Suppose -2*m - 622 = -630. What are the prime factors of (-13)/26*(-3232 - m)?
2, 809
Suppose -4*p - 2208 = -m, -2*m + 8*p + 4440 = 6*p. Suppose -m = 8*a - 24*a. List the prime factors of a.
139
What are the prime factors of (-301)/86 + 8/2 + (-168645)/(-6)?
2, 7027
Suppose -4*x = -v + 10, 3*v + 0*x - 2*x + 20 = 0. Let d be (-2)/((5/v)/(-1)). Let n(h) = -h**3 - 4*h**2 - 7*h - 8. List the prime factors of n(d).
2, 5
What are the prime factors of (366/(-24))/(4 + (-5337)/1332)?
37, 61
Let h(z) = 250*z**2 - 74*z - 677. What are the prime factors of h(-8)?
3, 5, 1061
Suppose -8 = 3*f + f. Let x be f + 0 + 3*-1. List the prime factors of (-8)/40 - 96/x.
19
Suppose -791 - 1211 = -14*a. Suppose 3*l - 8 = -3*h + h, 5*h = -l - 6. List the prime factors of -24*(h/(-8) - a/22).
2, 3, 5
Let t be (-3)/18*3*-6. Suppose -142 - 446 = -t*o. Suppose o + 14 = 6*p. List the prime factors of p.
5, 7
Suppose -2*h + 140304 = 28*m - 22*m, 0 = 4*h. List the prime factors of m.
2, 37, 79
Suppose 0 = -952*t + 970*t - 454626. What are the prime factors of t?
3, 8419
Suppose -114 = 118*b - 115*b. Let t be (-52)/(-14) + b/(-133). Suppose t*g = -4*g + 2240. List the prime factors of g.
2, 5, 7
Let n(h) = 2*h**3 - 16*h**2 + 25*h - 2. Let c be n(6). What are the prime factors of 16/(-4)*((-239)/c + 0)?
239
What are the prime factors of 0 - (-4)/14 - (-530420)/140?
3, 421
Let s = -6620 + 10263. List the prime factors of s.
3643
Suppose 5*c + 0*c - 10 = 0. Suppose p + 6 = -3*v, 3*p - c*p = -2*v - 4. Suppose 3*i - 173 = -5*k, p = 5*i + 3*k + 88 - 371. List the prime factors of i.
2, 7
Suppose -247722 = -132*g + 94*g. What are the prime factors of g?
3, 41, 53
Suppose 19*u - 2409 = 23. Suppose -u*k + 126*k = -202. What are the prime factors of k?
101
Let g(k) = 8*k**3 - 2*k**2 - k. Let j be g(-1). Let q = -3 - j. What are the prime factors of -3*(-4)/q*600/15?
2, 5
Let j be 1133/(-3)*((-749)/(-7) - -7). List the prime factors of j/(-30) - (-138)/(-1035).
5, 7, 41
Suppose 29*f - 479040 = 4*f - 55*f. List the prime factors of f.
2, 3, 499
Let u = 187 + -309. Suppose h = -5*n - 1152, -4*h + 2*h + 699 = -3*n. Let l = u - n. What are the prime factors of l?
109
What are the prime factors of (-39)/663 + 185098/34?
2, 1361
Let l(g) = -41 + 67 - 10*g - g**3 - 19*g**2 - 7*g. Let w be l(-18). Suppose 0*n - 920 = -w*n. What are the prime factors of n?
5, 23
Let j(x) = x**2 - 17*x - 60. Let s = -47 + 67. Let o be j(s). Suppose 5*b + 5 = o, 4*m - 4*b + 122 - 394 = 0. List the prime factors of m.
67
Let z(s) be the third derivative of 0 + 5/8*s**4 + 0*s - 4*s**2 - 17/6*s**3. What are the prime factors of z(11)?
2, 37
Suppose -5*q - 5235 = -5*n, 2*n + 3*q + 743 = 2852. Let f = 1501 - n. What are the prime factors of f?
11, 41
List the prime factors of (8/(-6))/(-4) + 18246248/543.
3, 23, 487
Suppose t - 6 + 3 = 0, -77 = j - 3*t. What are the prime factors of (j/10 - -2)/((-27)/180)?
2
Let x be -146*1*(-3)/(-6). Let m(p) = -p**2 + 29*p + 11. Let r be m(12). Let v = r + x. List the prime factors of v.
2, 71
Suppose 61 = 3*d + 4*x, 38 = -d + 3*d + 2*x. Suppose 4*s + 13 = 4*o - d, 0 = 4*s + 3*o + 35. List the prime factors of (-4)/(s/6 + 0).
3
List the prime factors of (-5904794)/(-343) - (-3)/(-21).
5, 11, 313
Let q(l) = 106*l - 2606. List the prime factors of q(110).
2, 3, 503
Suppose 3*r + 9 = 24. Suppose -155 = l - 4*y, -609 = 4*l - 0*y - r*y. Let j = -56 - l. List the prime factors of j.
5, 19
Suppose -26 - 284 = -5*k. Let m = k + 251. What are the prime factors of m?
313
Suppose 2*s = 5*j - 1716, 1371 = 4*j - 2*s + s. Let t = 2 + j. List the prime factors of t.
2, 43
Let m = 4985 + 3987. List the prime factors of m.
2, 2243
Let w be (-3 + (-18)/(-8))/((-16)/64). Suppose -1153 = -2*l + 4*u + 479, -l - w*u = -831. List the prime factors of l.
2, 3, 137
What are the prime factors of -3 + (-265488)/(-9) - ((-2912)/96 + 31)?
5, 17, 347
Let h = 51 - -72. Let p = -114 + h. Let x = 36 - p. List the prime factors of x.
3
Suppose -384657 = -62*h + 292135. List the prime factors of h.
2, 2729
Let p(w) = -w**3 - 1. Let u be p(-1). Suppose u = -5*d - a + 198 + 440, -4 = 2*a. What are the prime factors of (d - (0 - 2)) + -1?
3, 43
Let i(l) = l - 3. Let t be i(5). Let p be (-96)/(-30) - (-12)/15*1. Suppose p = -t*v + v, -5*b + 800 = 5*v. List the prime factors of b.
2, 41
Let b = -75 - -5732. List the prime factors of b.
5657
Suppose 3*d + 126 = 10*d. Suppose 270 = -d*h + 21*h. List the prime factors of h.
2, 3, 5
Let u = -15092 - -21506. List the prime factors of u.
2, 3, 1069
Let x(g) = g**2 + 15*g + 22. Let u be x(-2). Let n(z) = 38*z**2 + 13*z - 2. What are the prime factors of n(u)?
2, 277
Let r be -8 + 652 - (6 + -9). Let x = -216 + r. What are the prime factors of x?
431
Let l = 8261 + -2586. List the prime factors of l.
5, 227
Let y(u) be the second derivative of u**5/20 + 5*u**4/6 + u**3/3 - 5*u**2/2 + 293*u. Let q = -3 + -2. List the prime factors of y(q).
2, 5, 11
List the prime factors of (-9845*(-26)/65)/(-2 - -3).
2, 11, 179
Suppose x - 3 + 4 = 0, 2*x + 107810 = 3*b. What are the prime factors of b?
2, 1123
Suppose 3*f - 16 = -5*q, -4*f = -f - 6. Let w(c) = 4*c - 7*c**2 - 6 - c**3 + 2*c - 8*c - q*c. List the prime factors of w(-8).
2, 3, 5
Suppose 0 = -5*u + 4*t + 12, -u + 2*t = 3*u - 12. Suppose -l + o = -536, 3*l - u*l - o = -528. List the prime factors of l.
2, 7, 19
Suppose 10*h - 6*h - 42*h = -1381262. List the prime factors of h.
163, 223
Suppose 2*n + 14 = 3*g, -g + 0*g + 3*n = 0. Let m(l) = 15*l**2 - 14*l + 93. List the prime factors of m(g).
3, 61
Suppose 2*v = -5*m - 33, -2*m + 7*m + 17 = 2*v. Let w(k) = 13*k - 3 - 4 - 4 - 40*k. List the prime factors of w(m).
2, 31
Let u(z) = 439*z**2 - 12*z + 42. List the prime factors of u(3).
3, 1319
Let h be (36/21)/(14/49). Let x be (2/h)/(0 + 1)*9. Suppose j + x*t = 10 + 60, -2*j + 4*t = -140. List the prime factors of j.
2, 5, 7
Let c(l) be the first derivative of l**4 - 3*l**3 - 5*l**2/2 - 3*l + 44. What are the prime factors of c(6)?
3, 13
Suppose 13 = 4*i - 3. Suppose 0 = -4*f - 0*f - i*v - 8, 0 = -5*f + v + 14. Suppose -5*o = -4*u + 208, -u - 3*u = -f*o - 196. List the prime factors of u.
47
Let x = 159 + -422. Let f = -108 - x. List the prime factors of f.
5, 31
Let a(d) = d**3 - 4*d**2 - 2*d + 1. Let s = 80 + -84. Let f(k) 